{"id":2458,"date":"2018-05-07T01:31:12","date_gmt":"2018-05-07T01:31:12","guid":{"rendered":"http:\/\/www.hechoalana.com\/portal\/?page_id=10"},"modified":"2022-09-10T13:14:19","modified_gmt":"2022-09-10T16:14:19","slug":"welcome","status":"publish","type":"page","link":"https:\/\/www.hechoalana.com\/portal\/","title":{"rendered":""},"content":{"rendered":"<p><img loading=\"lazy\" decoding=\"async\" class=\"wp-image-87 aligncenter\" src=\"http:\/\/www.hechoalana.com\/portal\/wp-content\/uploads\/2019\/08\/1-COLOR-TRANSPARENTE111-298x300.png\" alt=\"\" width=\"144\" height=\"145\" srcset=\"https:\/\/www.hechoalana.com\/portal\/wp-content\/uploads\/2019\/08\/1-COLOR-TRANSPARENTE111-298x300.png 298w, https:\/\/www.hechoalana.com\/portal\/wp-content\/uploads\/2019\/08\/1-COLOR-TRANSPARENTE111-324x324.png 324w, https:\/\/www.hechoalana.com\/portal\/wp-content\/uploads\/2019\/08\/1-COLOR-TRANSPARENTE111-100x100.png 100w, https:\/\/www.hechoalana.com\/portal\/wp-content\/uploads\/2019\/08\/1-COLOR-TRANSPARENTE111-416x419.png 416w, https:\/\/www.hechoalana.com\/portal\/wp-content\/uploads\/2019\/08\/1-COLOR-TRANSPARENTE111-1017x1024.png 1017w, https:\/\/www.hechoalana.com\/portal\/wp-content\/uploads\/2019\/08\/1-COLOR-TRANSPARENTE111-150x150.png 150w, https:\/\/www.hechoalana.com\/portal\/wp-content\/uploads\/2019\/08\/1-COLOR-TRANSPARENTE111-768x773.png 768w, https:\/\/www.hechoalana.com\/portal\/wp-content\/uploads\/2019\/08\/1-COLOR-TRANSPARENTE111.png 1227w\" sizes=\"auto, (max-width: 144px) 100vw, 144px\" \/><\/p>\n<p>Amigurumi (\u7de8\u307f\u5305\u307f lit. peluche tejido) es una tendencia o moda japonesa que consiste en tejer peque\u00f1os mu\u00f1ecos mediante t\u00e9cnicas de crochet, son usados como juguetes o peque\u00f1os adornos, toman forma principalmente de mu\u00f1ecos y animales, su finalidad es alimentar el esp\u00edritu de ni\u00f1o que todos llevamos dentro.<\/p>\n<p>Cada amigurumi posee un alma que lo convierte a su due\u00f1o en compa\u00f1ero y confidente de por vida, proporcion\u00e1ndole una amistad eterna, entreg\u00e1ndole felicidad\u00a0 para toda la vida. Tambi\u00e9n son usados como amuletos personales, de negocios y de puestos de trabajo.<\/p>\n<p>En Jap\u00f3n, es usual verlos en las oficinas, al lado de los ordenadores como un s\u00edmbolo de apego o adorno personal, o como recordatorio de respirar, sonre\u00edr y hacer una pausa.<\/p>\n","protected":false},"excerpt":{"rendered":"<p>Amigurumi (\u7de8\u307f\u5305\u307f lit. peluche tejido) es una tendencia o moda japonesa que consiste en tejer peque\u00f1os mu\u00f1ecos mediante t\u00e9cnicas de crochet, son usados como juguetes o peque\u00f1os adornos, toman forma principalmente de mu\u00f1ecos y animales, su finalidad es alimentar el esp\u00edritu de ni\u00f1o que todos llevamos dentro. Cada amigurumi posee un alma que lo convierte [&hellip;]<\/p>\n","protected":false},"author":1,"featured_media":0,"parent":0,"menu_order":0,"comment_status":"closed","ping_status":"closed","template":"template-homepage.php","meta":{"footnotes":""},"class_list":["post-2458","page","type-page","status-publish","hentry"],"_links":{"self":[{"href":"https:\/\/www.hechoalana.com\/portal\/index.php?rest_route=\/wp\/v2\/pages\/2458","targetHints":{"allow":["GET"]}}],"collection":[{"href":"https:\/\/www.hechoalana.com\/portal\/index.php?rest_route=\/wp\/v2\/pages"}],"about":[{"href":"https:\/\/www.hechoalana.com\/portal\/index.php?rest_route=\/wp\/v2\/types\/page"}],"author":[{"embeddable":true,"href":"https:\/\/www.hechoalana.com\/portal\/index.php?rest_route=\/wp\/v2\/users\/1"}],"replies":[{"embeddable":true,"href":"https:\/\/www.hechoalana.com\/portal\/index.php?rest_route=%2Fwp%2Fv2%2Fcomments&post=2458"}],"version-history":[{"count":1,"href":"https:\/\/www.hechoalana.com\/portal\/index.php?rest_route=\/wp\/v2\/pages\/2458\/revisions"}],"predecessor-version":[{"id":2730,"href":"https:\/\/www.hechoalana.com\/portal\/index.php?rest_route=\/wp\/v2\/pages\/2458\/revisions\/2730"}],"wp:attachment":[{"href":"https:\/\/www.hechoalana.com\/portal\/index.php?rest_route=%2Fwp%2Fv2%2Fmedia&parent=2458"}],"curies":[{"name":"wp","href":"https:\/\/api.w.org\/{rel}","templated":true}]}}