{"id":37,"date":"2018-05-07T11:43:33","date_gmt":"2018-05-07T15:43:33","guid":{"rendered":"http:\/\/www.hechoalana.com\/portal\/?post_type=product&amp;p=37"},"modified":"2018-05-07T11:43:33","modified_gmt":"2018-05-07T15:43:33","slug":"muneca-antu","status":"publish","type":"product","link":"https:\/\/www.hechoalana.com\/portal\/?product=muneca-antu","title":{"rendered":"Mu\u00f1eca Ant\u00fc"},"content":{"rendered":"<p>Linda mu\u00f1eca amigurumi, su nombre en Mapudung\u00fan significa &#8220;sol&#8221;. Est\u00e1 buscando una amiga que la adopte y le cuente sus secretos.<\/p>\n","protected":false},"excerpt":{"rendered":"<p>Su nombre en Mapudung\u00fan significa &#8220;sol&#8221;.\u00a0Hecha a mano, 2 semanas de trabajo demora su creaci\u00f3n.<\/p>\n","protected":false},"featured_media":38,"comment_status":"open","ping_status":"closed","template":"","meta":[],"product_cat":[18],"product_tag":[16],"class_list":{"0":"post-37","1":"product","2":"type-product","3":"status-publish","4":"has-post-thumbnail","6":"product_cat-munecas","7":"product_tag-amigurumi","9":"first","10":"instock","11":"taxable","12":"shipping-taxable","13":"product-type-simple"},"_links":{"self":[{"href":"https:\/\/www.hechoalana.com\/portal\/index.php?rest_route=\/wp\/v2\/product\/37","targetHints":{"allow":["GET"]}}],"collection":[{"href":"https:\/\/www.hechoalana.com\/portal\/index.php?rest_route=\/wp\/v2\/product"}],"about":[{"href":"https:\/\/www.hechoalana.com\/portal\/index.php?rest_route=\/wp\/v2\/types\/product"}],"replies":[{"embeddable":true,"href":"https:\/\/www.hechoalana.com\/portal\/index.php?rest_route=%2Fwp%2Fv2%2Fcomments&post=37"}],"wp:featuredmedia":[{"embeddable":true,"href":"https:\/\/www.hechoalana.com\/portal\/index.php?rest_route=\/wp\/v2\/media\/38"}],"wp:attachment":[{"href":"https:\/\/www.hechoalana.com\/portal\/index.php?rest_route=%2Fwp%2Fv2%2Fmedia&parent=37"}],"wp:term":[{"taxonomy":"product_cat","embeddable":true,"href":"https:\/\/www.hechoalana.com\/portal\/index.php?rest_route=%2Fwp%2Fv2%2Fproduct_cat&post=37"},{"taxonomy":"product_tag","embeddable":true,"href":"https:\/\/www.hechoalana.com\/portal\/index.php?rest_route=%2Fwp%2Fv2%2Fproduct_tag&post=37"}],"curies":[{"name":"wp","href":"https:\/\/api.w.org\/{rel}","templated":true}]}}